by 3572?
1730
What is the remainder when 26052422 is divided by 458?
8
Calculate the remainder when 543870 is divided by 914.
40
Calculate the remainder when 6934023 is divided by 1386801.
18
What is the remainder when 3728074 is divided by 2283?
2218
What is the remainder when 225145 is divided by 5891?
1287
What is the remainder when 25761 is divided by 25753?
8
Calculate the remainder when 57646 is divided by 1858.
48
Calculate the remainder when 2232587 is divided by 12976.
715
Calculate the remainder when 201448 is divided by 66871.
835
Calculate the remainder when 267521 is divided by 1704.
1697
Calculate the remainder when 1078075 is divided by 179598.
487
Calculate the remainder when 370256409 is divided by 4187.
4186
What is the remainder when 6221991 is divided by 226?
211
Calculate the remainder when 31165 is divided by 2390.
95
What is the remainder when 130321 is divided by 585?
451
What is the remainder when 175729 is divided by 83621?
8487
Calculate the remainder when 16757216 is divided by 436.
428
Calculate the remainder when 4906340 is divided by 4976.
4
What is the remainder when 19107 is divided by 16581?
2526
What is the remainder when 12146 is divided by 3775?
821
Calculate the remainder when 95605816 is divided by 231.
229
What is the remainder when 75919343 is divided by 3167?
19
Calculate the remainder when 582908498 is divided by 7750.
7748
Calculate the remainder when 8026355 is divided by 87.
83
What is the remainder when 8735452 is divided by 234?
232
What is the remainder when 165618 is divided by 62?
16
Calculate the remainder when 3322984 is divided by 2422.
0
Calculate the remainder when 8730824 is divided by 13.
11
What is the remainder when 386458 is divided by 2138?
1618
What is the remainder when 3782168 is divided by 80457?
689
Calculate the remainder when 7057 is divided by 3527.
3
What is the remainder when 207505 is divided by 3517?
2
Calculate the remainder when 31979 is divided by 10273.
1160
Calculate the remainder when 144483 is divided by 9631.
18
What is the remainder when 32482647 is divided by 10985?
2
Calculate the remainder when 175138 is divided by 66.
40
Calculate the remainder when 818721 is divided by 3808.
1
What is the remainder when 1001873 is divided by 333941?
50
Calculate the remainder when 732463 is divided by 62.
57
What is the remainder when 62259 is divided by 514?
65
Calculate the remainder when 500904 is divided by 100156.
124
What is the remainder when 34645311 is divided by 26?
25
What is the remainder when 8199170 is divided by 22?
12
What is the remainder when 1685774 is divided by 2430?
1784
Calculate the remainder when 16651220 is divided by 16.
4
Calculate the remainder when 1326765 is divided by 221104.
141
Calculate the remainder when 1524179 is divided by 80214.
113
What is the remainder when 8211756 is divided by 547446?
66
Calculate the remainder when 7050965 is divided by 651.
635
Calculate the remainder when 5694531 is divided by 5694529.
2
What is the remainder when 4499451 is divided by 291?
9
Calculate the remainder when 7482344 is divided by 617.
602
Calculate the remainder when 194655 is divided by 194641.
14
What is the remainder when 3288765 is divided by 1096217?
114
What is the remainder when 15444798 is divided by 1020?
978
What is the remainder when 66327691 is divided by 185?
11
What is the remainder when 2436375 is divided by 609090?
15
What is the remainder when 758827 is divided by 2079?
2071
What is the remainder when 4628155 is divided by 283?
256
What is the remainder when 12894015 is divided by 1289400?
15
Calculate the remainder when 227161 is divided by 75547.
520
What is the remainder when 751514 is divided by 1354?
44
What is the remainder when 177358003 is divided by 6987?
6982
Calculate the remainder when 136139 is divided by 2094.
29
What is the remainder when 147991 is divided by 73880?
231
Calculate the remainder when 687841 is divided by 4.
1
Calculate the remainder when 285001127 is divided by 2522.
2517
What is the remainder when 11821820 is divided by 1182182?
0
What is the remainder when 1893425 is divided by 23?
19
Calculate the remainder when 403830020 is divided by 67882.
2
What is the remainder when 1272128 is divided by 410?
308
What is the remainder when 1074538 is divided by 16?
10
What is the remainder when 921311699 is divided by 5134?
5131
Calculate the remainder when 1477331 is divided by 15.
11
What is the remainder when 597841 is divided by 66418?
79
Calculate the remainder when 298295 is divided by 12890.
1825
What is the remainder when 51248 is divided by 36?
20
Calculate the remainder when 7786457 is divided by 338532.
221
What is the remainder when 1820542 is divided by 481?
438
What is the remainder when 842887 is divided by 97?
54
What is the remainder when 5905781 is divided by 347398?
15
Calculate the remainder when 43012 is divided by 3414.
2044
What is the remainder when 107927 is divided by 53897?
133
Calculate the remainder when 13140737 is divided by 702.
701
What is the remainder when 392969 is divided by 15?
14
Calculate the remainder when 117004199 is divided by 383.
380
What is the remainder when 213313 is divided by 71096?
25
Calculate the remainder when 3567806 is divided by 239.
14
Calculate the remainder when 9342391 is divided by 169.
71
Calculate the remainder when 49011126 is divided by 7001589.
3
Calculate the remainder when 775941 is divided by 40.
21
What is the remainder when 3320680 is divided by 301880?
0
What is the remainder when 8283268 is divided by 8081?
243
What is the remainder when 129948004 is divided by 285?
259
Calculate the remainder when 7300101 is divided by 34.
29
What is the remainder when 127418 is divided by 42368?
314
What is the remainder when 37135345 is divided by 90?
85
What is the remainder when 664343 is divided by 132762?
533
Calculate the remainder when 624768 is divided by 25.
18
What is the remainder when 58259 is divided by 9634?
455
Calculate the remainder when 4288819 is divided by 2249.
2225
What is the remainder when 350806484 is divided by 552?
548
Calculate the remainder when 35251118 is divided by 8732.
34
Calculate the remainder when 940339 is divided by 313369.
232
What is the remainder when 837914 is divided by 255?
239
Calculate the remainder when 481001 is divided by 34241.
1627
What is the remainder when 160741 is divided by 1058?
983
What is the remainder when 52185273 is divided by 2418?
2415
What is the remainder when 1286702 is divided by 1214?
1076
Calculate the remainder when 3111468 is divided by 1036874.
846
What is the remainder when 603503205 is divided by 56?
53
Calculate the remainder when 78145 is divided by 26045.
10
Calculate the remainder when 1330410 is divided by 1906.
22
Calculate the remainder when 5476748 is divided by 55885.
18
Calculate the remainder when 28050236 is divided by 240.
236
Calculate the remainder when 28536278 is divided by 551.
539
What is the remainder when 22309787 is divided by 871?
864
What is the remainder when 135340586 is divided by 42?
38
Calculate the remainder when 66547283 is divided by 6330.
6323
Calculate the remainder when 180046 is divided by 547.
83
What is the remainder when 85111868 is divided by 4152?
20
What is the remainder when 76779 is divided by 1562?
241
What is the remainder when 371324 is divided by 370986?
338
What is the remainder when 293159 is divided by 1765?
169
What is the remainder when 9928116 is divided by 2482026?
12
What is the remainder when 1428090 is divided by 285567?
255
What is the remainder when 24479 is divided by 1516?
223
What is the remainder when 659299 is divided by 96?
67
Calculate the remainder when 355839 is divided by 185.
84
What is the remainder when 397841 is divided by 353?
10
Calculate the remainder when 141765 is divided by 314.
151
What is the remainder when 702168 is divided by 345854?
10460
What is the remainder when 2569484 is divided by 214123?
8
What is the remainder when 2912094 is divided by 1057?
59
Calculate the remainder when 2224229 is divided by 11348.
21
What is the remainder when 1479489 is divided by 1687?
1677
Calculate the remainder when 136896316 is divided by 1760.
1756
What is the remainder when 27814994 is divided by 134?
